(q). Determine u(3).
1
Let w(u) = 338 - u + 2*u + u**2 - 335 - 7*u. Let l be w(4). Let v(m) = -2*m - 7*m**2 + 5*m + 12*m**2 + 7 + m**3. Determine v(l).
-8
Suppose 4*w - 9 - 3 = 0. Let y = w - 27. Let l = -23 - y. Let x(c) = 22*c + 1. What is x(l)?
23
Let m be (-58)/(-145) + 6/10 - (3 + 28). Let r(l) = l**3 + 30*l**2 - 4*l - 126. Calculate r(m).
-6
Let d be 30 + 0/(-5) + 4. Suppose 36 = d*v - 43*v. Let z(u) = u**3 + 3*u**2 - 6*u - 3. Calculate z(v).
5
Suppose 4*t = -4*y + 4, 3 - 8 = -3*y - 5*t. Suppose y = -5*z - q - 0*q, 3*z - 5*q + 28 = 0. Let b(o) = 113*o + o**2 - 5*o**3 - 33*o - 80*o. Determine b(z).
6
Let l(p) = 3*p**2 - 144*p + 416. Let f be l(3). Let v(d) = d**3 - 12*d**2 + 11*d - 5. What is v(f)?
-5
Let m(k) be the first derivative of k**3/3 - 15*k**2/2 + 17*k - 1703. Let u be 9 + (2 - (1 - 2)). What is m(u)?
-19
Let m(f) be the first derivative of 7*f**3/3 + f**2/2 + f + 4. Suppose 2*o - 24 = 3*w - 41, 18 = -3*o + 3*w. What is m(o)?
7
Let p = 18 - 18. Suppose -4*c + 196 = -p*c. Let g(z) = -12*z + z + 11*z**2 - 37 + c - z**3. Determine g(10).
2
Let f be 82 - (-5 + 5)/5. Let j = 95 - f. Let c(a) = 13 + 13*a - j - 16*a. Give c(5).
-15
Let s(d) = 7*d + 22. Let y be s(-2). Let q(w) = -18*w - y*w + 23*w. What is q(-5)?
15
Let k(z) be the first derivative of z**4/4 + 2*z**3/3 - 5573. Suppose -4 = 2*m + 2*m. Calculate k(m).
1
Let z(q) = 3*q + 4. Suppose -4*r - t = 320, 129 - 42 = -r - 2*t. Let j = r - -68. Let f(p) = 16*p + 21. Let u(a) = j*z(a) + 2*f(a). What is u(-4)?
2
Let q be (-3 - 1)*(-7)/((-700)/425). Let i(x) = 7*x + 113. Determine i(q).
-6
Let w = 530 - 527. Let i(h) = -2 - 70*h**2 + 35*h**2 - h**w - 2 + 12*h + 31*h**2. Determine i(-6).
-4
Let c(n) = n**3 - 2*n**2 - 7*n - 1. Let o be c(4). Let u(q) = -41*q**3 + 1 - 2*q + 42*q**o + q. Let m(i) = -6*i + 2. Let d be m(0). Determine u(d).
7
Let m(r) be the third derivative of -5*r**4/12 - 5*r**3/6 - 4*r**2. Let n(q) = 22*q + 11. Let s(i) = 7*m(i) + 3*n(i). Give s(-2).
6
Let w(b) = 3*b**2 - 2*b - 15. Let h be w(3). Let j be (-32)/(-12) + (-2)/(-6). Suppose j*k = -l - h, 5*k - 5*l - 12 = 2*k. Let i(d) = -2*d + 1. Calculate i(k).
3
Suppose -j = -4*y + 40, -4*j + 43 = 5*y + 14. Let h(u) = 2*u**2 - 42*u - 200. Give h(j).
0
Let v(a) = -2*a**2 - 4*a - 2. Let p = -127 - -133. Let c be p/(-15) + 46/(-10). Give v(c).
-32
Let v(h) = -h**2 - 7*h - 5. Let p(o) = -o**2 + 5*o + 17. Let f be p(7). Suppose f*y - 62 = 79. Let r = -51 + y. Determine v(r).
7
Let r(d) = 9*d - 72. Let j be r(13). Let z(i) = 81*i - j*i - 41*i. Determine z(3).
-15
Let g(u) = 16*u + 69. Let d be g(-4). Let t(s) = -2*s**2 + 12*s - 5. Let a(o) = -2*o**2 + 14*o - 4. Let w(k) = -2*a(k) + 3*t(k). What is w(d)?
-17
Let k(b) = b**2 - 2*b - 1. Let g(h) be the second derivative of h**4/4 - 11*h**3/6 - h**2 - 90*h + 1. Let i(c) = -g(c) + 4*k(c). Give i(-2).
-4
Let y(s) = -3*s - 493 + 1475 - 497 - 494. Determine y(6).
-27
Let s(u) be the third derivative of u**6/120 + u**5/10 + u**4/4 + u**3 + 185*u**2. Let l = -418 + 414. What is s(l)?
14
Let m = -122 + 180. Let p = m + -52. Let z(b) = b**3 - 7*b**2 + 3*b + 1. Determine z(p).
-17
Let i(t) = t**2 - t - 3. Suppose -4*a + 7 = 3*x - 11, -3*a + 13 = 2*x. Let b be 9*(2 + -3 + x). Let o be b/2*(-8)/(-12). Calculate i(o).
3
Let b = 407 + -406. Suppose 0 = -5*x - d + 4, -4*x + 0*d + b = 3*d. Let k(t) = -35*t**2 + t. Calculate k(x).
-34
Let z(k) = k - 15. Suppose 3*g + 3*a - 3511 + 3520 = 0, 8 = -3*g - 2*a. Let i(y) = 27*y**2 - y. Let r be i(1). Let v be (-13)/r*(g - -2). Calculate z(v).
-15
Let x(r) be the second derivative of -7/2*r**2 + 5 + 1/3*r**3 + 5*r. Let c(l) = -l**3 + 7*l**2 - 6*l + 6. Let z be c(6). Determine x(z).
5
Let i = 360 - 547. Let p = -193 - i. Let s(u) = u**2 + 7*u + 1. Determine s(p).
-5
Suppose -28 = 12*u - 4. Let f(c) = c**2 - c - 2. Let g(p) = 4*p**2 - 5*p - 11. Let m(y) = 5*f(y) - g(y). Determine m(u).
5
Let f(g) be the third derivative of g**5/60 - g**3/6 - 5*g**2 - 2. Let i(t) = 6*t**2 + 7*t - 4. Let d(c) = -5*f(c) + i(c). Give d(-4).
-11
Let f(n) = n**2 - 5*n. Let w(x) = 3*x**2 - 85*x + 48. Let v be w(28). Suppose i + 3*i - v = 0. Determine f(i).
0
Let z(d) = -3 + 8*d**3 - 1 - 1 + 4. Let y = -26 - -33. Let b be y/(-9) + (-2)/9. Calculate z(b).
-9
Let z(y) be the first derivative of -y**4/12 + y**3/2 - 83*y**2/2 + 19. Let k(t) be the second derivative of z(t). Suppose 0 = 3*b - 11 - 4. Calculate k(b).
-7
Let m(i) be the first derivative of -4*i + 7/2*i**2 - 22 - 1/2*i**3. Let x(c) be the first derivative of m(c). Calculate x(7).
-14
Let f(j) = 1. Let l(m) = 13*m - 5. Let u(r) = -3*f(r) - l(r). Let h = 1234 + -1232. What is u(h)?
-24
Let r be (0 + -1)/(12 + 175/(-14) + 0). Let t(j) = -32*j - 19. Determine t(r).
-83
Let x be 3549/(-338) - ((-24)/(-108) - 31/18). Let j(m) = m + 21. Determine j(x).
12
Let t(c) = 3*c + 25. Let g(l) = -l**3 + 10*l**2 - l + 12. Let m be g(10). Suppose m*n = -0*n + 8. Let a(v) = -v - 12. Let o(q) = n*t(q) + 9*a(q). What is o(6)?
10
Let b(r) be the third derivative of -r**6/120 - r**5/12 - r**4/8 + r**3/2 - 10*r**2. Suppose 0 = 4*x + 21 + 43. Let p = x + 11. Determine b(p).
18
Suppose 0 = -y + 2 - 8. Let s(q) be the first derivative of q**2/2 + 14*q - 2449. Determine s(y).
8
Suppose 4 = j - 5*r, j - 19*r - 7 = -15*r. Suppose -3*k = 5*y - j, -k + 2*k - 3 = -y. Let p(h) = -2*h**3 + 8*h - 2*h**3 + 3*h**3 - 3 + 3*h**2. Determine p(y).
-13
Let c(y) = 2*y + 2. Let x = 128 - -118. Suppose 3*d = 3*i - x, 7*d = i + 3*d - 79. Let b = -77 + i. Determine c(b).
14
Let r(l) = -149*l + 421*l - 99 - 139*l - 142*l. Give r(-12).
9
Let t be (-70)/(-392) + 48/(-504). Let w(h) be the third derivative of -7/6*h**3 - 6*h**2 + 1/120*h**6 + 0*h + 1/12*h**4 - t*h**5 + 0. Give w(5).
3
Let m(o) be the second derivative of o**5/10 - 5*o**4/3 - o**3/6 + 5*o**2/2 + 40*o. Let x be m(10). Let i(w) = -w**2 - 3*w - 4. Calculate i(x).
-14
Let r = 5 - -1. Let a be r/48 + 66/(-16). Let l(m) be the third derivative of m**6/120 + m**5/30 - m**4/6 - 6*m**2 - 225. Calculate l(a).
-16
Let d(q) be the third derivative of 0*q**3 - 10*q**2 + 0 - 2/3*q**4 + 0*q. Let o be 4 - ((-42)/(-8) - (-1)/(-4)). Calculate d(o).
16
Let n(i) = -i**2 - 13*i - 11. Let h be (4/3)/((-70)/(-105)). Suppose -4*a = 2*q + 14, 5*a - 3*a = -h*q - 18. Give n(q).
11
Let y(j) be the third derivative of -j**6/60 + j**5/15 - j**4/8 - j**3/6 - j**2 + 916*j. Determine y(2).
-7
Let j(t) = -5*t**3 - 12*t**2 - 2*t - 11. Let z(x) = 34 - 32 + 125*x**3 + 2*x**2 - 124*x**3. Let h(c) = j(c) + 6*z(c). Determine h(0).
1
Let n(q) be the second derivative of -3*q**5/20 - 8*q**4/3 - 19*q**3/6 + q**2 + 5100*q. Determine n(-10).
-8
Suppose i + 5*c = 142, 12*i - 11*i - 146 = -4*c. Suppose 169*l + 7 = i*l. Let k(t) be the first derivative of -4*t**3 + t - 1. What is k(l)?
-11
Let t(c) be the third derivative of c**6/120 - 2*c**5/15 - c**4/4 - 11*c**3/3 + 5*c**2 - 6*c. Let d be t(9). Let f(z) = -z + 1. Determine f(d).
-4
Let y(c) = c**3 + 3*c**2 + 5*c - 4. Let x(h) = 23*h + 272. Let m be x(-12). Determine y(m).
-40
Let s(g) = -2*g**3 + 5*g**2 + 19*g + 3. Let y be s(-2). Let k(i) = 19*i**2 - 5*i + 5. Calculate k(y).
19
Suppose 583 = 193*r + 2320. Let d(n) = -n**2 - 7*n + 10. Determine d(r).
-8
Let o(y) = -2*y**2 + 6*y + 11. Let t = -753 + 747. Let j(f) = -3*f**2 + 5*f + 9. Let z(g) = t*j(g) + 5*o(g). Let q = -1 - -2. What is z(q)?
9
Let t(j) = -j**3 - 5*j - 4. Let m be t(-1). Let y(w) = -85*w**m + 2*w + w - 4*w + 95*w**2 - w**3 + 10. Calculate y(10).
0
Let d be 6*-1*(-2)/2. Let a = 156 + -131. Let l(r) = 1 - 29*r - a*r + 55*r. Determine l(d).
7
Suppose 5*u = 2*y - 70, 3*y - 41 - 73 = 3*u. Let w(t) = -43*t**2 + 2*t - 1. Let p be w(1). Let f = p + y. Let h(q) = q**3 + 4*q**2 - 2*q - 3. Give h(f).
9
Let l = -51 + 60. Suppose 0 = 5*h - 1 - l. Let d(o) = 13*o**2 - 5*o**h + o**3 - 2*o**2 + 0*o + 2*o - 5. Calculate d(-6).
-17
Let v(x) = x**2 + 7*x + 1. Let a(g) = 2*g**2 + 15*g + 2. Let p be a(-7). Let o be ((-20)/4 - -4)*p. Suppose 3*u = 4*d + 36, -o*d + 0*d = u + 26. Determine v(d).
-5
Let i = -6 - -11. Let c = -44 + 48. Let p(b) = -36 - 8*b + 31 + c*b - 4*b**2 + b**3 - b. Determine p(i).
-5
Let r(q) = -1 - 6 - 3*q + 4. Let u = 32028 - 20945. Suppose 0 = 2*b - u + 11095. What is r(b)?
15
Let o(k) = 12*k + 12*k**2 - 8 + 8 + 17 - k**3. Suppose -2